3*d - 12000. Calculate j(56).
40
Let d(f) = -203440*f + 406905. Calculate d(2).
25
Let o(r) = 5634*r - 28434. Give o(5).
-264
Let s(z) = -11670*z - 3571021. Give s(-306).
-1
Let p(s) = -5193225*s - 46739019. What is p(-9)?
6
Let w(c) = -8166*c + 8151. Determine w(1).
-15
Let z(w) = -w**3 + 60*w**2 + 176*w - 178. Determine z(63).
-997
Let f(l) = -234*l + 47072. What is f(202)?
-196
Let n(r) = 8*r**3 + 3*r**2 - 571*r + 1131. Determine n(2).
65
Let q(g) = 20689*g + 4737784. Determine q(-229).
3
Let d(v) = -1391*v - 2549. What is d(-2)?
233
Let y(t) = 2*t**2 + 261*t + 6710. What is y(-39)?
-427
Let t(q) = 6*q**3 + 732*q**2 + 10707*q - 45. What is t(-17)?
6
Let o(q) = q**3 - 103*q**2 + 2153*q - 642. Calculate o(74).
-124
Let d(q) = 9*q**3 + 5*q**2 - 132*q - 291. Determine d(-2).
-79
Let p(t) = -226*t + 43375. What is p(189)?
661
Let y(k) = 2596*k + 70258. Determine y(-27).
166
Let r(k) = k**3 + 2*k**2 - 247*k - 117. Determine r(15).
3
Let m(w) = -5*w**2 + 69*w + 817. Give m(-10).
-373
Let d(c) = -c**3 - 53*c**2 - 3903*c - 206863. Give d(-53).
-4
Let h(o) = 260288*o**2 - 520581*o + 6. Determine h(2).
-4
Let q(r) = 941*r**2 + 54*r + 1. Give q(-1).
888
Let i(t) = 6*t**2 - 4*t + 2. Determine i(11).
684
Let t(d) = -1940*d + 110727. Determine t(57).
147
Let w(u) = -944*u - 13790. Give w(-14).
-574
Let r(u) = 17589*u + 87916. Give r(-5).
-29
Let w(d) = 129*d**2 - 252*d - 63. Give w(2).
-51
Let l(r) = -2812*r + 53409. Calculate l(19).
-19
Let i(z) = 93*z + 723. Give i(10).
1653
Let a(u) = -12432551*u - 12432547. Determine a(-1).
4
Let g(r) = -82*r**2 + 9951*r - 3464. Calculate g(121).
45
Let s(v) = v**3 + 1407*v**2 + 6922*v - 425. Determine s(-5).
15
Let i(p) = -5*p**2 - 672*p - 3256. Calculate i(-5).
-21
Let z(j) = -11*j**2 - 754*j - 12430. Calculate z(-41).
-7
Let u(p) = -p**3 - 13*p**2 + 6*p - 776. What is u(-18)?
736
Let j(g) = -6937*g - 14404. Give j(-2).
-530
Let o(w) = w**2 + 355*w + 7520. Calculate o(-23).
-116
Let j(a) = -a**3 + 21*a**2 + 44517*a - 890735. What is j(20)?
5
Let i(n) = -29546*n - 2452325. Give i(-83).
-7
Let c(t) = 2*t**3 - 2*t**2 - 57*t - 94. Calculate c(8).
346
Let r(m) = 2880*m - 482. What is r(0)?
-482
Let s(o) = 62*o - 6419. Determine s(105).
91
Let n(x) = -6283*x - 339254. Calculate n(-54).
28
Let b(m) = -118*m**2 + 3334*m + 32. Calculate b(28).
872
Let w(z) = -683*z**2 - 101767*z + 3. What is w(-149)?
3
Let p(w) = w**2 + 206*w + 2510. Give p(-13).
1
Let o(r) = -4*r**3 - 1429*r**2 + 1075*r + 458. Calculate o(-358).
100
Let z(o) = 12*o**3 + 6*o**2 - 27*o - 26. Calculate z(-3).
-215
Let c(l) = 3167*l + 177271. Calculate c(-56).
-81
Let q(g) = -g**3 + 40*g**2 - 96*g - 681. Give q(37).
-126
Let x(b) = -5*b**3 - 14*b**2 + 112*b + 429. Give x(-6).
333
Let w(r) = -4*r**2 - 471*r - 12378. Give w(-34).
-988
Let y(j) = -11*j**2 - 521*j - 3141. Determine y(-7).
-33
Let k(c) = -c**3 - 8*c**2 - 54*c - 148. Determine k(-4).
4
Let n(w) = w**2 + 3205*w + 243945. Give n(-78).
39
Let z(j) = j**3 + 10*j**2 - 3005*j - 94. What is z(50)?
-344
Let v(s) = 535*s**3 + 8*s**2 + s - 4. What is v(-1)?
-532
Let q(i) = 124498*i + 20168681. Give q(-162).
5
Let c(d) = 29560*d - 2837786. Determine c(96).
-26
Let y(n) = 6*n**2 + 134*n - 29360. Give y(-82).
-4
Let v(d) = 8924*d - 62080. Calculate v(7).
388
Let l(u) = -387872*u - 3102828. Calculate l(-8).
148
Let h(j) = -31*j - 374. What is h(-41)?
897
Let z(p) = p**2 - 961*p + 78393. Calculate z(90).
3
Let g(a) = 8566*a - 51391. What is g(6)?
5
Let f(y) = -14*y**3 + 494*y**2 - 421*y + 9883. Determine f(35).
48
Let v(r) = -r**3 - 6*r**2 - 305*r - 5129. What is v(-13)?
19
Let s(v) = 2296020*v - 4592037. Give s(2).
3
Let a(q) = -q**2 + 2910*q - 1255867. Determine a(527).
-26
Let z(l) = -146*l**2 - 3805*l - 221. What is z(-26)?
13
Let s(g) = -195*g - 5173. Determine s(-25).
-298
Let h(t) = 6*t**3 + 463*t**2 + 60*t - 1321. What is h(-77)?
-12
Let r(x) = -4*x**2 - 15517*x + 108565. Determine r(7).
-250
Let c(s) = -s**3 + 16*s**2 - 31*s - 185. What is c(17)?
-1001
Let d(n) = -537*n - 258282. Calculate d(-481).
15
Let a(v) = -26*v**2 + 28*v - 245. Calculate a(-11).
-3699
Let l(p) = -111723*p - 20445311. What is l(-183)?
-2
Let u(q) = 798*q + 121264. Calculate u(-152).
-32
Let d(v) = -v**2 - 7987*v - 71781. What is d(-9)?
21
Let f(c) = 3*c**2 + 249*c - 1049. Determine f(4).
-5
Let l(y) = 40*y**3 - 485*y**2 - 58*y + 3. What is l(12)?
-1413
Let z(m) = 47*m + 2877. Give z(-61).
10
Let t(k) = -2*k**2 + 356*k + 747. What is t(180)?
27
Let c(k) = 4498*k - 49455. What is c(11)?
23
Let i(c) = -649*c + 4284. Determine i(7).
-259
Let y(h) = -h**3 - 14*h**2 + 4177*h + 62424. Determine y(-15).
-6
Let z(y) = -y**3 - 359*y**2 - 1428*y + 12. Calculate z(-4).
44
Let y(k) = k**3 - 14*k**2 - 8*k - 61. Determine y(13).
-334
Let w(m) = -76*m**2 - 54422*m - 4304. Give w(-716).
-8
Let c(u) = -19*u**2 + 724*u - 1656. Determine c(30).
2964
Let b(j) = 19*j**2 + 132*j + 15. Determine b(-6).
-93
Let c(s) = 40323*s + 242503. Calculate c(-6).
565
Let b(i) = 3*i**3 + 236*i**2 + 1422*i - 1270. Calculate b(-72).
26
Let a(k) = 12*k**2 + 1075*k + 599. Give a(-87).
-2098
Let q(w) = 134*w - 5191. Calculate q(47).
1107
Let n(g) = 46*g**2 + 2649*g + 1526. Determine n(-57).
-13
Let t(p) = 162*p**3 - 6*p**2 + 17*p - 4. Determine t(2).
1302
Let x(h) = 14*h**2 - 61*h - 333. Determine x(15).
1902
Let b(x) = x**3 + 97*x**2 - 710*x - 9463. Give b(-103).
13
Let h(j) = 2*j**3 - 1058*j**2 - 2114*j - 4517. What is h(531)?
793
Let q(f) = 755*f + 3967. Give q(-6).
-563
Let m(z) = -5*z**3 + 193*z**2 + 231*z + 1924. Calculate m(40).
-36
Let y(l) = -l**3 - 8*l**2 - 82*l - 1216. Give y(-11).
49
Let r(c) = -358993*c + 7179888. What is r(20)?
28
Let m(w) = -127266*w - 2163525. Determine m(-17).
-3
Let l(w) = 78794*w + 78847. Determine l(-1).
53
Let r(w) = 2*w**2 - 1055*w + 95462. Give r(116).
-6
Let c(h) = 5*h**2 - 102986*h + 205962. Calculate c(2).
10
Let t(y) = -y**3 + 4*y**2 + 7*y - 2. Calculate t(4).
26
Let p(o) = -2*o**3 - 1904*o**2 + 11489*o - 6711. Give p(-958).
-5
Let l(j) = 3*j**3 - 76*j**2 - 43*j + 3331. Calculate l(24).
-5
Let r(x) = 171*x**2 + 129*x - 9. Determine r(-1).
33
Let f(x) = -11*x**2 - 3642*x + 3322. Determine f(-332).
2
Let d(f) = -41*f**2 - 735*f - 3200. Calculate d(-11).
-76
Let c(q) = -21333*q - 2431970. What is c(-114)?
-8
Let a(x) = 255986*x - 9983467. Calculate a(39).
-13
Let b(l) = 4*l**3 - 50*l**2 - 98*l + 650. What is b(13)?
-286
Let x(f) = -f**3 - 279*f**2 + 147*f + 41023. Give x(-279).
10
Let o(c) = -29*c**2 - 415*c - 2858. Determine o(-7).
-1374
Let y(n) = -2*n**2 + 405*n + 64316. What is y(-106)?
-1086
Let p(c) = -c**3 - 87*c**2 + 44*c + 3762. Determine p(-87).
-66
Let y(u) = -2*u**2 + 65*u - 476. Calculate y(24).
-68
Let y(t) = 191817*t - 575454. Calculate y(3).
-3
Let u(p) = 31*p**2 - 2760*p - 26. Calculate u(89).
-115
Let n(a) = 432*a + 2388. Determine n(-6).
-204
Let m(i) = 2*i**3 - 376*i**2 + 639*i - 120219. What is m(188)?
-87
Let o(w) = -6262*w + 18818. Give o(3).
32
Let l(m) = 4*m**2 + 57*m - 4356. Give l(-40).
-236
Let b(l) = -l**3 - 38*l**2 - 669*l - 6120. Determine b(-20).
60
Let o(g) = 2561*g**2 + 15379*g + 75. Calculate o(-6).
-3
Let q(s) = s**3 + 10*s**2 + s + 54. Give q(-13).
-466
Let q(p) = -5*p**2 - 363*p - 5011. Give q(-19).
81
Let c(s) = s**3 - 210*s**2 + 5090*s + 1068. What is c(182)?
-24
Let p(o) = -o**3 + 88*o**2 - 539*o - 117. What is p(7)?
79
Let l(c) = -c**2 - 47*c + 818. Give l(41).
-2790
Let x(o) = 4089*o + 28696. Calculate x(-7).
73
Let s(m) = 3594*m + 1581376. What is s(-440)?
16
Let h(j) = 4*j**2 + 18*j + 22. Determine h(-5).
32
Let g(o) = 22*o**2 + 915*o + 9269. Give g(-10).
2319
Let p(t) = 680*t - 4501. Give p(8).
939
Let c(i) = -i**3 - 36*i**2 + 177*i + 2355. Determine c(-39).
15
Let y(a) = 142643*a - 1141135. Give y(8).
9
Let b(x) = -6542*x + 39258. Give b(6).
6
Let f(m) = -m**2 + 350*m - 5992. Give f(17).
-331
Let o(m) = 2*m**3 - 166*m**2 - 1079*m + 609. Calculate o(89).
-370
Let w(t) = 44*t**2 + 588*t + 743. Give w(-12).
23
Let m(q) = -3104*q + 114806. Determine m(37).
-42
Let c(m) = 3*m**3 - 32*m**2 + 87*m - 17. What is c(11)?
1061
Let r(j) = -j**2 - 126*j - 805. Give r(-43).
2764
Let s(l) = -7*l**3 - 7*l**2 - 76*l - 57. Determine s(-7).
2533
Let p(v) = v**2 - 673*v + 35754. Calculate p(56).
1202
Le